{"id":10,"date":"2022-03-23T08:23:18","date_gmt":"2022-03-23T08:23:18","guid":{"rendered":"https:\/\/asc-com.de\/?page_id=10"},"modified":"2022-03-23T08:23:19","modified_gmt":"2022-03-23T08:23:19","slug":"datenschutzerklaerung","status":"publish","type":"page","link":"https:\/\/asc-com.de\/index.php\/datenschutzerklaerung\/","title":{"rendered":"Datenschutzerkl\u00e4rung"},"content":{"rendered":"\n<p><br><strong>KUNDENINFORMATION ZUM DATENSCHUTZ<\/strong><\/p>\n\n\n\n<p>Sehr geehrter Kunde, gesch\u00e4tzter Gesch\u00e4ftspartner,&nbsp;der Schutz Ihrer personenbezogenen Daten ist uns sehr wichtig.&nbsp;Nach der EU-Datenschutz-Grundverordnung (kurz: DS-GVO) sind wir verpflichtet, Sie dar\u00fcber zu informieren,&nbsp;zu welchem Zweck unser Unternehmen Daten erhebt, verarbeitet oder weiterleitet. Dieser Information&nbsp;k\u00f6nnen Sie auch entnehmen, welche Rechte Sie gem\u00e4\u00df der DS-GVO in Anspruch nehmen k\u00f6nnen.<\/p>\n\n\n\n<p>1. VERANTWORTLICHER<\/p>\n\n\n\n<p>ASC Kommunikationssysteme<\/p>\n\n\n\n<p>Inhaber: Achim Schraa<\/p>\n\n\n\n<p>Wiesenstra\u00dfe 15, 53332 Bornheim<\/p>\n\n\n\n<p>Telefon (02222) 96440, Telefax (02222) 964444<\/p>\n\n\n\n<p>E-Mail info@asc-com.de<\/p>\n\n\n\n<p>2. ZWECK DER DATENVERARBEITUNG<\/p>\n\n\n\n<p>Die Datenverarbeitung erfolgt entweder auf Grundlage gesetzlicher Vorgaben oder Ihrer erteilten&nbsp;Einwilligung und dient der Vertragserf\u00fcllung&nbsp;wischen Ihnen und unserem Unternehmen, um die damit&nbsp;verbundenen Pflichten zu erf\u00fcllen.<\/p>\n\n\n\n<p>3. DATENARTEN<\/p>\n\n\n\n<p>Bei der Verarbeitung handelt es sich um Kundendaten. Hierzu z\u00e4hlen insbesondere: Kundennummer,&nbsp;Name, Adresse, Telefon, Fax und Ihre E-Mail Adresse. Die Erhebung dieser Daten ist Voraussetzung f\u00fcr die&nbsp;Erf\u00fcllung eines Vertrages mit Ihnen. Werden die notwendigen Informationen nicht bereitgestellt, kann kein&nbsp;Vertragsabschluss erfolgen.<\/p>\n\n\n\n<p>4. EMPF\u00c4NGER IHRER DATEN<\/p>\n\n\n\n<p>Wir \u00fcbermitteln Ihre personenbezogenen Daten nur dann an Dritte, wenn dies gesetzlich erlaubt ist oder&nbsp;Sie hierzu eingewilligt haben.<\/p>\n\n\n\n<p>Empf\u00e4nger Ihrer personenbezogenen Daten k\u00f6nnen vor allem folgende weitere sein: Banken, Steuerberater,&nbsp;Rechtsanw\u00e4lte, Aufsichtsbeh\u00f6rden etc.&nbsp;Im Einzelfall erfolgt die \u00dcbermittlung von Daten an weitere berechtigte Empf\u00e4nger.<\/p>\n\n\n\n<p>5. SPEICHERUNG IHRER DATEN<\/p>\n\n\n\n<p>Wir speichern Ihre personenbezogenen Daten nur solange, wie dies f\u00fcr die Durchf\u00fchrung des Vertragsverh\u00e4ltnisses&nbsp;erforderlich ist. Danach werden diese gel\u00f6scht.&nbsp;Aufgrund rechtlicher Vorgaben (Aufbewahrungsfristen) sind wir jedoch dazu verpflichtet, diese Daten mindestens&nbsp;10 Jahre nach Abschluss des Vertrages aufzubewahren gem\u00e4\u00df HGB oder AO.<\/p>\n\n\n\n<p>6. IHRE RECHTE<\/p>\n\n\n\n<p>Sie haben das Recht, \u00fcber die Sie betreffenden personenbezogenen Daten Auskunft zu verlangen.&nbsp;Des Weiteren haben Sie das Recht, die Berichtigung unrichtiger Daten zu verlangen.&nbsp;Dar\u00fcber hinaus steht Ihnen unter bestimmten Voraussetzungen das Recht auf L\u00f6schung von Daten, das&nbsp;Recht auf Einschr\u00e4nkung der Datenverarbeitung sowie das Recht auf Daten\u00fcbertragbarkeit zu.<\/p>\n\n\n\n<p>Wir Verarbeitung Ihre Daten grunds\u00e4tzlich auf Basis gesetzlicher Vorschriften.&nbsp;Sollte die Verarbeitung auf Ihrer Einwilligung zur Verarbeitung beruhen, z.B. einem Newsletterversand&nbsp;(Art. 6 Buchstabe f DS-GVO) haben Sie das Recht, die Einwilligung f\u00fcr die zuk\u00fcnftige Verarbeitung jederzeit&nbsp;zu widerrufen. Hierzu gen\u00fcgt eine E-Mail an uns: info@asc-com.de&nbsp;Ferner haben Sie das Recht, sich bei der zust\u00e4ndigen Aufsichtsbeh\u00f6rde f\u00fcr den Datenschutz zu beschweren,&nbsp;wenn Sie der Ansicht sind, dass die Verarbeitung Ihrer personenbezogenen Daten nicht rechtm\u00e4\u00dfig erfolgt.&nbsp;Die f\u00fcr uns zust\u00e4ndige Aufsichtsbeh\u00f6rde ist:&nbsp;<\/p>\n\n\n\n<p>Landesbeauftragte f\u00fcr Datenschutz und Informationsfreiheit Nordrhein-Westfalen<\/p>\n\n\n\n<p>Helga Block<\/p>\n\n\n\n<p>Postfach 20 04 44, 40102 D\u00fcsseldorf<\/p>\n\n\n\n<p>oder:<\/p>\n\n\n\n<p>Kavalleriestra\u00dfe 2-4, 40213 D\u00fcsseldorf<\/p>\n\n\n\n<p>Telefon: 02 11\/384 24-0 , Telefax: 02 11\/384 24-10<\/p>\n\n\n\n<p>E-Mail: poststelle@ldi.nrw.de<\/p>\n\n\n\n<p>Homepage: <a href=\"https:\/\/www.ldi.nrw.de\">https:\/\/www.ldi.nrw.de<\/a><\/p>\n\n\n\n<p>7. RECHTLICHE GRUNDLAGEN<\/p>\n\n\n\n<p>Die Rechtsgrundlage f\u00fcr die Verarbeitung Ihrer Daten ergibt sich aus Artikel 6 Abs. 1 DS-GVO. Sollten Sie&nbsp;Fragen haben, k\u00f6nnen Sie sich gern an uns wenden.&nbsp;Ihr Ansprechpartner ist:&nbsp;<\/p>\n\n\n\n<p>Herr Achim Schraa<\/p>\n\n\n\n<p>Wiesenstrasse 15, 53332 Bornheim<\/p>\n\n\n\n<p>Telefon (02222) 96440, Telefax (02222) 964444, E-Mail info@asc-com.de<\/p>\n","protected":false},"excerpt":{"rendered":"<p>KUNDENINFORMATION ZUM DATENSCHUTZ Sehr geehrter Kunde, gesch\u00e4tzter Gesch\u00e4ftspartner,&nbsp;der Schutz Ihrer personenbezogenen Daten ist uns sehr wichtig.&nbsp;Nach der EU-Datenschutz-Grundverordnung (kurz: DS-GVO) sind wir verpflichtet, Sie dar\u00fcber zu informieren,&nbsp;zu welchem Zweck unser Unternehmen Daten erhebt, verarbeitet oder weiterleitet. Dieser Information&nbsp;k\u00f6nnen Sie auch entnehmen, welche Rechte Sie gem\u00e4\u00df der DS-GVO in Anspruch nehmen k\u00f6nnen. 1. VERANTWORTLICHER ASC Kommunikationssysteme [&hellip;]<\/p>\n","protected":false},"author":1,"featured_media":0,"parent":0,"menu_order":0,"comment_status":"closed","ping_status":"closed","template":"","meta":{"footnotes":""},"class_list":["post-10","page","type-page","status-publish","hentry","entry"],"yoast_head":"<!-- This site is optimized with the Yoast SEO plugin v19.7.1 - https:\/\/yoast.com\/wordpress\/plugins\/seo\/ -->\n<title>Datenschutzerkl\u00e4rung - ASC Sachverst\u00e4ndigenb\u00fcro<\/title>\n<meta name=\"robots\" content=\"index, follow, max-snippet:-1, max-image-preview:large, max-video-preview:-1\" \/>\n<link rel=\"canonical\" href=\"https:\/\/asc-com.de\/index.php\/datenschutzerklaerung\/\" \/>\n<meta property=\"og:locale\" content=\"de_DE\" \/>\n<meta property=\"og:type\" content=\"article\" \/>\n<meta property=\"og:title\" content=\"Datenschutzerkl\u00e4rung - ASC Sachverst\u00e4ndigenb\u00fcro\" \/>\n<meta property=\"og:description\" content=\"KUNDENINFORMATION ZUM DATENSCHUTZ Sehr geehrter Kunde, gesch\u00e4tzter Gesch\u00e4ftspartner,&nbsp;der Schutz Ihrer personenbezogenen Daten ist uns sehr wichtig.&nbsp;Nach der EU-Datenschutz-Grundverordnung (kurz: DS-GVO) sind wir verpflichtet, Sie dar\u00fcber zu informieren,&nbsp;zu welchem Zweck unser Unternehmen Daten erhebt, verarbeitet oder weiterleitet. Dieser Information&nbsp;k\u00f6nnen Sie auch entnehmen, welche Rechte Sie gem\u00e4\u00df der DS-GVO in Anspruch nehmen k\u00f6nnen. 1. VERANTWORTLICHER ASC Kommunikationssysteme [&hellip;]\" \/>\n<meta property=\"og:url\" content=\"https:\/\/asc-com.de\/index.php\/datenschutzerklaerung\/\" \/>\n<meta property=\"og:site_name\" content=\"ASC Sachverst\u00e4ndigenb\u00fcro\" \/>\n<meta property=\"article:modified_time\" content=\"2022-03-23T08:23:19+00:00\" \/>\n<meta name=\"twitter:card\" content=\"summary_large_image\" \/>\n<meta name=\"twitter:label1\" content=\"Gesch\u00e4tzte Lesezeit\" \/>\n\t<meta name=\"twitter:data1\" content=\"3\u00a0Minuten\" \/>\n<script type=\"application\/ld+json\" class=\"yoast-schema-graph\">{\"@context\":\"https:\/\/schema.org\",\"@graph\":[{\"@type\":\"WebPage\",\"@id\":\"https:\/\/asc-com.de\/index.php\/datenschutzerklaerung\/\",\"url\":\"https:\/\/asc-com.de\/index.php\/datenschutzerklaerung\/\",\"name\":\"Datenschutzerkl\u00e4rung - ASC Sachverst\u00e4ndigenb\u00fcro\",\"isPartOf\":{\"@id\":\"https:\/\/asc-com.de\/#website\"},\"datePublished\":\"2022-03-23T08:23:18+00:00\",\"dateModified\":\"2022-03-23T08:23:19+00:00\",\"breadcrumb\":{\"@id\":\"https:\/\/asc-com.de\/index.php\/datenschutzerklaerung\/#breadcrumb\"},\"inLanguage\":\"de\",\"potentialAction\":[{\"@type\":\"ReadAction\",\"target\":[\"https:\/\/asc-com.de\/index.php\/datenschutzerklaerung\/\"]}]},{\"@type\":\"BreadcrumbList\",\"@id\":\"https:\/\/asc-com.de\/index.php\/datenschutzerklaerung\/#breadcrumb\",\"itemListElement\":[{\"@type\":\"ListItem\",\"position\":1,\"name\":\"Startseite\",\"item\":\"https:\/\/asc-com.de\/\"},{\"@type\":\"ListItem\",\"position\":2,\"name\":\"Datenschutzerkl\u00e4rung\"}]},{\"@type\":\"WebSite\",\"@id\":\"https:\/\/asc-com.de\/#website\",\"url\":\"https:\/\/asc-com.de\/\",\"name\":\"ASC Sachverst\u00e4ndigenb\u00fcro\",\"description\":\"Fachgerecht und Passgenau - Pr\u00e4zise Planung, Beratung und Umsetzung\",\"publisher\":{\"@id\":\"https:\/\/asc-com.de\/#organization\"},\"potentialAction\":[{\"@type\":\"SearchAction\",\"target\":{\"@type\":\"EntryPoint\",\"urlTemplate\":\"https:\/\/asc-com.de\/?s={search_term_string}\"},\"query-input\":\"required name=search_term_string\"}],\"inLanguage\":\"de\"},{\"@type\":\"Organization\",\"@id\":\"https:\/\/asc-com.de\/#organization\",\"name\":\"ASC Sachverst\u00e4ndigenb\u00fcro\",\"url\":\"https:\/\/asc-com.de\/\",\"sameAs\":[],\"logo\":{\"@type\":\"ImageObject\",\"inLanguage\":\"de\",\"@id\":\"https:\/\/asc-com.de\/#\/schema\/logo\/image\/\",\"url\":\"https:\/\/asc-com.de\/wp-content\/uploads\/2022\/03\/ASC_Bild_randlos_ohne.jpg\",\"contentUrl\":\"https:\/\/asc-com.de\/wp-content\/uploads\/2022\/03\/ASC_Bild_randlos_ohne.jpg\",\"width\":1913,\"height\":614,\"caption\":\"ASC Sachverst\u00e4ndigenb\u00fcro\"},\"image\":{\"@id\":\"https:\/\/asc-com.de\/#\/schema\/logo\/image\/\"}}]}<\/script>\n<!-- \/ Yoast SEO plugin. -->","yoast_head_json":{"title":"Datenschutzerkl\u00e4rung - ASC Sachverst\u00e4ndigenb\u00fcro","robots":{"index":"index","follow":"follow","max-snippet":"max-snippet:-1","max-image-preview":"max-image-preview:large","max-video-preview":"max-video-preview:-1"},"canonical":"https:\/\/asc-com.de\/index.php\/datenschutzerklaerung\/","og_locale":"de_DE","og_type":"article","og_title":"Datenschutzerkl\u00e4rung - ASC Sachverst\u00e4ndigenb\u00fcro","og_description":"KUNDENINFORMATION ZUM DATENSCHUTZ Sehr geehrter Kunde, gesch\u00e4tzter Gesch\u00e4ftspartner,&nbsp;der Schutz Ihrer personenbezogenen Daten ist uns sehr wichtig.&nbsp;Nach der EU-Datenschutz-Grundverordnung (kurz: DS-GVO) sind wir verpflichtet, Sie dar\u00fcber zu informieren,&nbsp;zu welchem Zweck unser Unternehmen Daten erhebt, verarbeitet oder weiterleitet. Dieser Information&nbsp;k\u00f6nnen Sie auch entnehmen, welche Rechte Sie gem\u00e4\u00df der DS-GVO in Anspruch nehmen k\u00f6nnen. 1. VERANTWORTLICHER ASC Kommunikationssysteme [&hellip;]","og_url":"https:\/\/asc-com.de\/index.php\/datenschutzerklaerung\/","og_site_name":"ASC Sachverst\u00e4ndigenb\u00fcro","article_modified_time":"2022-03-23T08:23:19+00:00","twitter_card":"summary_large_image","twitter_misc":{"Gesch\u00e4tzte Lesezeit":"3\u00a0Minuten"},"schema":{"@context":"https:\/\/schema.org","@graph":[{"@type":"WebPage","@id":"https:\/\/asc-com.de\/index.php\/datenschutzerklaerung\/","url":"https:\/\/asc-com.de\/index.php\/datenschutzerklaerung\/","name":"Datenschutzerkl\u00e4rung - ASC Sachverst\u00e4ndigenb\u00fcro","isPartOf":{"@id":"https:\/\/asc-com.de\/#website"},"datePublished":"2022-03-23T08:23:18+00:00","dateModified":"2022-03-23T08:23:19+00:00","breadcrumb":{"@id":"https:\/\/asc-com.de\/index.php\/datenschutzerklaerung\/#breadcrumb"},"inLanguage":"de","potentialAction":[{"@type":"ReadAction","target":["https:\/\/asc-com.de\/index.php\/datenschutzerklaerung\/"]}]},{"@type":"BreadcrumbList","@id":"https:\/\/asc-com.de\/index.php\/datenschutzerklaerung\/#breadcrumb","itemListElement":[{"@type":"ListItem","position":1,"name":"Startseite","item":"https:\/\/asc-com.de\/"},{"@type":"ListItem","position":2,"name":"Datenschutzerkl\u00e4rung"}]},{"@type":"WebSite","@id":"https:\/\/asc-com.de\/#website","url":"https:\/\/asc-com.de\/","name":"ASC Sachverst\u00e4ndigenb\u00fcro","description":"Fachgerecht und Passgenau - Pr\u00e4zise Planung, Beratung und Umsetzung","publisher":{"@id":"https:\/\/asc-com.de\/#organization"},"potentialAction":[{"@type":"SearchAction","target":{"@type":"EntryPoint","urlTemplate":"https:\/\/asc-com.de\/?s={search_term_string}"},"query-input":"required name=search_term_string"}],"inLanguage":"de"},{"@type":"Organization","@id":"https:\/\/asc-com.de\/#organization","name":"ASC Sachverst\u00e4ndigenb\u00fcro","url":"https:\/\/asc-com.de\/","sameAs":[],"logo":{"@type":"ImageObject","inLanguage":"de","@id":"https:\/\/asc-com.de\/#\/schema\/logo\/image\/","url":"https:\/\/asc-com.de\/wp-content\/uploads\/2022\/03\/ASC_Bild_randlos_ohne.jpg","contentUrl":"https:\/\/asc-com.de\/wp-content\/uploads\/2022\/03\/ASC_Bild_randlos_ohne.jpg","width":1913,"height":614,"caption":"ASC Sachverst\u00e4ndigenb\u00fcro"},"image":{"@id":"https:\/\/asc-com.de\/#\/schema\/logo\/image\/"}}]}},"_links":{"self":[{"href":"https:\/\/asc-com.de\/index.php\/wp-json\/wp\/v2\/pages\/10","targetHints":{"allow":["GET"]}}],"collection":[{"href":"https:\/\/asc-com.de\/index.php\/wp-json\/wp\/v2\/pages"}],"about":[{"href":"https:\/\/asc-com.de\/index.php\/wp-json\/wp\/v2\/types\/page"}],"author":[{"embeddable":true,"href":"https:\/\/asc-com.de\/index.php\/wp-json\/wp\/v2\/users\/1"}],"replies":[{"embeddable":true,"href":"https:\/\/asc-com.de\/index.php\/wp-json\/wp\/v2\/comments?post=10"}],"version-history":[{"count":3,"href":"https:\/\/asc-com.de\/index.php\/wp-json\/wp\/v2\/pages\/10\/revisions"}],"predecessor-version":[{"id":166,"href":"https:\/\/asc-com.de\/index.php\/wp-json\/wp\/v2\/pages\/10\/revisions\/166"}],"wp:attachment":[{"href":"https:\/\/asc-com.de\/index.php\/wp-json\/wp\/v2\/media?parent=10"}],"curies":[{"name":"wp","href":"https:\/\/api.w.org\/{rel}","templated":true}]}}